{"id":21210,"date":"2016-12-06T17:03:07","date_gmt":"2016-12-06T16:03:07","guid":{"rendered":"http:\/\/readaptation.umontreal.ca\/wp-content\/uploads\/sites\/21\/14_Evidences-scientifiques_fevrier_2017-2.pdf"},"modified":"2016-12-06T17:03:07","modified_gmt":"2016-12-06T16:03:07","slug":"14_evidences-scientifiques_fevrier_2017-3-2","status":"inherit","type":"attachment","link":"https:\/\/readaptation.umontreal.ca\/en\/studies\/training-in-occupational-therapy\/schedule-of-continuing-edication-for-clinicians-therapists-and-supervisors-of-clinical-training\/14_evidences-scientifiques_fevrier_2017-3-2\/","title":{"rendered":"La pratique en sant\u00e9 mentale bas\u00e9e sur les \u00e9vidences scientifiques :"},"author":90,"featured_media":0,"comment_status":"closed","ping_status":"closed","template":"","meta":[],"class_list":["post-21210","attachment","type-attachment","status-inherit","hentry"],"yoast_head":"<!-- This site is optimized with the Yoast SEO plugin v25.0 - https:\/\/yoast.com\/wordpress\/plugins\/seo\/ -->\n<title>La pratique en sant\u00e9 mentale bas\u00e9e sur les \u00e9vidences scientifiques : - \u00c9cole de r\u00e9adaptation<\/title>\n<meta name=\"robots\" content=\"index, follow, max-snippet:-1, max-image-preview:large, max-video-preview:-1\" \/>\n<link rel=\"canonical\" href=\"https:\/\/readaptation.umontreal.ca\/wp-content\/uploads\/sites\/21\/14_Evidences-scientifiques_fevrier_2017-2.pdf\" \/>\n<meta property=\"og:locale\" content=\"en_US\" \/>\n<meta property=\"og:type\" content=\"article\" \/>\n<meta property=\"og:title\" content=\"La pratique en sant\u00e9 mentale bas\u00e9e sur les \u00e9vidences scientifiques : - \u00c9cole de r\u00e9adaptation\" \/>\n<meta property=\"og:description\" content=\"La pratique en sant\u00e9 mentale bas\u00e9e sur les \u00e9vidences scientifiques :\" \/>\n<meta property=\"og:url\" content=\"https:\/\/readaptation.umontreal.ca\/wp-content\/uploads\/sites\/21\/14_Evidences-scientifiques_fevrier_2017-2.pdf\" \/>\n<meta property=\"og:site_name\" content=\"\u00c9cole de r\u00e9adaptation\" \/>\n<script type=\"application\/ld+json\" class=\"yoast-schema-graph\">{\"@context\":\"https:\/\/schema.org\",\"@graph\":[{\"@type\":\"WebPage\",\"@id\":\"https:\/\/readaptation.umontreal.ca\/wp-content\/uploads\/sites\/21\/14_Evidences-scientifiques_fevrier_2017-2.pdf\",\"url\":\"https:\/\/readaptation.umontreal.ca\/wp-content\/uploads\/sites\/21\/14_Evidences-scientifiques_fevrier_2017-2.pdf\",\"name\":\"La pratique en sant\u00e9 mentale bas\u00e9e sur les \u00e9vidences scientifiques : - \u00c9cole de r\u00e9adaptation\",\"isPartOf\":{\"@id\":\"https:\/\/readaptation.umontreal.ca\/#website\"},\"datePublished\":\"2016-12-06T16:03:07+00:00\",\"breadcrumb\":{\"@id\":\"https:\/\/readaptation.umontreal.ca\/wp-content\/uploads\/sites\/21\/14_Evidences-scientifiques_fevrier_2017-2.pdf#breadcrumb\"},\"inLanguage\":\"en-US\",\"potentialAction\":[{\"@type\":\"ReadAction\",\"target\":[\"https:\/\/readaptation.umontreal.ca\/wp-content\/uploads\/sites\/21\/14_Evidences-scientifiques_fevrier_2017-2.pdf\"]}]},{\"@type\":\"BreadcrumbList\",\"@id\":\"https:\/\/readaptation.umontreal.ca\/wp-content\/uploads\/sites\/21\/14_Evidences-scientifiques_fevrier_2017-2.pdf#breadcrumb\",\"itemListElement\":[{\"@type\":\"ListItem\",\"position\":1,\"name\":\"Accueil\",\"item\":\"https:\/\/readaptation.umontreal.ca\/\"},{\"@type\":\"ListItem\",\"position\":2,\"name\":\"Studies\",\"item\":\"https:\/\/readaptation.umontreal.ca\/en\/studies\/\"},{\"@type\":\"ListItem\",\"position\":3,\"name\":\"Occupational therapy training\",\"item\":\"https:\/\/readaptation.umontreal.ca\/en\/studies\/training-in-occupational-therapy\/\"},{\"@type\":\"ListItem\",\"position\":4,\"name\":\"Continuing education for ot clinicians and clinical training supervisors\",\"item\":\"https:\/\/readaptation.umontreal.ca\/en\/studies\/training-in-occupational-therapy\/schedule-of-continuing-edication-for-clinicians-therapists-and-supervisors-of-clinical-training\/\"},{\"@type\":\"ListItem\",\"position\":5,\"name\":\"La pratique en sant\u00e9 mentale bas\u00e9e sur les \u00e9vidences scientifiques :\"}]},{\"@type\":\"WebSite\",\"@id\":\"https:\/\/readaptation.umontreal.ca\/#website\",\"url\":\"https:\/\/readaptation.umontreal.ca\/\",\"name\":\"\u00c9cole de r\u00e9adaptation\",\"description\":\"\",\"potentialAction\":[{\"@type\":\"SearchAction\",\"target\":{\"@type\":\"EntryPoint\",\"urlTemplate\":\"https:\/\/readaptation.umontreal.ca\/?s={search_term_string}\"},\"query-input\":{\"@type\":\"PropertyValueSpecification\",\"valueRequired\":true,\"valueName\":\"search_term_string\"}}],\"inLanguage\":\"en-US\"}]}<\/script>\n<!-- \/ Yoast SEO plugin. -->","yoast_head_json":{"title":"La pratique en sant\u00e9 mentale bas\u00e9e sur les \u00e9vidences scientifiques : - \u00c9cole de r\u00e9adaptation","robots":{"index":"index","follow":"follow","max-snippet":"max-snippet:-1","max-image-preview":"max-image-preview:large","max-video-preview":"max-video-preview:-1"},"canonical":"https:\/\/readaptation.umontreal.ca\/wp-content\/uploads\/sites\/21\/14_Evidences-scientifiques_fevrier_2017-2.pdf","og_locale":"en_US","og_type":"article","og_title":"La pratique en sant\u00e9 mentale bas\u00e9e sur les \u00e9vidences scientifiques : - \u00c9cole de r\u00e9adaptation","og_description":"La pratique en sant\u00e9 mentale bas\u00e9e sur les \u00e9vidences scientifiques :","og_url":"https:\/\/readaptation.umontreal.ca\/wp-content\/uploads\/sites\/21\/14_Evidences-scientifiques_fevrier_2017-2.pdf","og_site_name":"\u00c9cole de r\u00e9adaptation","schema":{"@context":"https:\/\/schema.org","@graph":[{"@type":"WebPage","@id":"https:\/\/readaptation.umontreal.ca\/wp-content\/uploads\/sites\/21\/14_Evidences-scientifiques_fevrier_2017-2.pdf","url":"https:\/\/readaptation.umontreal.ca\/wp-content\/uploads\/sites\/21\/14_Evidences-scientifiques_fevrier_2017-2.pdf","name":"La pratique en sant\u00e9 mentale bas\u00e9e sur les \u00e9vidences scientifiques : - \u00c9cole de r\u00e9adaptation","isPartOf":{"@id":"https:\/\/readaptation.umontreal.ca\/#website"},"datePublished":"2016-12-06T16:03:07+00:00","breadcrumb":{"@id":"https:\/\/readaptation.umontreal.ca\/wp-content\/uploads\/sites\/21\/14_Evidences-scientifiques_fevrier_2017-2.pdf#breadcrumb"},"inLanguage":"en-US","potentialAction":[{"@type":"ReadAction","target":["https:\/\/readaptation.umontreal.ca\/wp-content\/uploads\/sites\/21\/14_Evidences-scientifiques_fevrier_2017-2.pdf"]}]},{"@type":"BreadcrumbList","@id":"https:\/\/readaptation.umontreal.ca\/wp-content\/uploads\/sites\/21\/14_Evidences-scientifiques_fevrier_2017-2.pdf#breadcrumb","itemListElement":[{"@type":"ListItem","position":1,"name":"Accueil","item":"https:\/\/readaptation.umontreal.ca\/"},{"@type":"ListItem","position":2,"name":"Studies","item":"https:\/\/readaptation.umontreal.ca\/en\/studies\/"},{"@type":"ListItem","position":3,"name":"Occupational therapy training","item":"https:\/\/readaptation.umontreal.ca\/en\/studies\/training-in-occupational-therapy\/"},{"@type":"ListItem","position":4,"name":"Continuing education for ot clinicians and clinical training supervisors","item":"https:\/\/readaptation.umontreal.ca\/en\/studies\/training-in-occupational-therapy\/schedule-of-continuing-edication-for-clinicians-therapists-and-supervisors-of-clinical-training\/"},{"@type":"ListItem","position":5,"name":"La pratique en sant\u00e9 mentale bas\u00e9e sur les \u00e9vidences scientifiques :"}]},{"@type":"WebSite","@id":"https:\/\/readaptation.umontreal.ca\/#website","url":"https:\/\/readaptation.umontreal.ca\/","name":"\u00c9cole de r\u00e9adaptation","description":"","potentialAction":[{"@type":"SearchAction","target":{"@type":"EntryPoint","urlTemplate":"https:\/\/readaptation.umontreal.ca\/?s={search_term_string}"},"query-input":{"@type":"PropertyValueSpecification","valueRequired":true,"valueName":"search_term_string"}}],"inLanguage":"en-US"}]}},"description":{"rendered":"<p class=\"attachment\"><a href='https:\/\/readaptation.umontreal.ca\/wp-content\/uploads\/sites\/21\/14_Evidences-scientifiques_fevrier_2017-2.pdf'>La pratique en sant\u00e9 mentale bas\u00e9e sur les \u00e9vidences scientifiques :<\/a><\/p>\n"},"caption":{"rendered":"<p>La pratique en sant\u00e9 mentale bas\u00e9e sur les \u00e9vidences scientifiques :<\/p>\n"},"alt_text":"","media_type":"file","mime_type":"application\/pdf","media_details":{},"post":13843,"source_url":"https:\/\/readaptation.umontreal.ca\/wp-content\/uploads\/sites\/21\/14_Evidences-scientifiques_fevrier_2017-2.pdf","_links":{"self":[{"href":"https:\/\/readaptation.umontreal.ca\/en\/wp-json\/wp\/v2\/media\/21210","targetHints":{"allow":["GET"]}}],"collection":[{"href":"https:\/\/readaptation.umontreal.ca\/en\/wp-json\/wp\/v2\/media"}],"about":[{"href":"https:\/\/readaptation.umontreal.ca\/en\/wp-json\/wp\/v2\/types\/attachment"}],"author":[{"embeddable":true,"href":"https:\/\/readaptation.umontreal.ca\/en\/wp-json\/wp\/v2\/users\/90"}],"replies":[{"embeddable":true,"href":"https:\/\/readaptation.umontreal.ca\/en\/wp-json\/wp\/v2\/comments?post=21210"}]}}

La pratique en santé mentale basée sur les évidences scientifiques :

<!-- This site is optimized with the Yoast SEO plugin v25.0 - https://yoast.com/wordpress/plugins/seo/ -->
<title>La pratique en santé mentale basée sur les évidences scientifiques : - École de réadaptation</title>
<meta name="robots" content="index, follow, max-snippet:-1, max-image-preview:large, max-video-preview:-1" />
<link rel="canonical" href="https://readaptation.umontreal.ca/wp-content/uploads/sites/21/14_Evidences-scientifiques_fevrier_2017-2.pdf" />
<meta property="og:locale" content="en_US" />
<meta property="og:type" content="article" />
<meta property="og:title" content="La pratique en santé mentale basée sur les évidences scientifiques : - École de réadaptation" />
<meta property="og:description" content="La pratique en santé mentale basée sur les évidences scientifiques :" />
<meta property="og:url" content="https://readaptation.umontreal.ca/wp-content/uploads/sites/21/14_Evidences-scientifiques_fevrier_2017-2.pdf" />
<meta property="og:site_name" content="École de réadaptation" />
<script type="application/ld+json" class="yoast-schema-graph">{"@context":"https://schema.org","@graph":[{"@type":"WebPage","@id":"https://readaptation.umontreal.ca/wp-content/uploads/sites/21/14_Evidences-scientifiques_fevrier_2017-2.pdf","url":"https://readaptation.umontreal.ca/wp-content/uploads/sites/21/14_Evidences-scientifiques_fevrier_2017-2.pdf","name":"La pratique en santé mentale basée sur les évidences scientifiques : - École de réadaptation","isPartOf":{"@id":"https://readaptation.umontreal.ca/#website"},"datePublished":"2016-12-06T16:03:07+00:00","breadcrumb":{"@id":"https://readaptation.umontreal.ca/wp-content/uploads/sites/21/14_Evidences-scientifiques_fevrier_2017-2.pdf#breadcrumb"},"inLanguage":"en-US","potentialAction":[{"@type":"ReadAction","target":["https://readaptation.umontreal.ca/wp-content/uploads/sites/21/14_Evidences-scientifiques_fevrier_2017-2.pdf"]}]},{"@type":"BreadcrumbList","@id":"https://readaptation.umontreal.ca/wp-content/uploads/sites/21/14_Evidences-scientifiques_fevrier_2017-2.pdf#breadcrumb","itemListElement":[{"@type":"ListItem","position":1,"name":"Accueil","item":"https://readaptation.umontreal.ca/"},{"@type":"ListItem","position":2,"name":"Studies","item":"https://readaptation.umontreal.ca/en/studies/"},{"@type":"ListItem","position":3,"name":"Occupational therapy training","item":"https://readaptation.umontreal.ca/en/studies/training-in-occupational-therapy/"},{"@type":"ListItem","position":4,"name":"Continuing education for ot clinicians and clinical training supervisors","item":"https://readaptation.umontreal.ca/en/studies/training-in-occupational-therapy/schedule-of-continuing-edication-for-clinicians-therapists-and-supervisors-of-clinical-training/"},{"@type":"ListItem","position":5,"name":"La pratique en santé mentale basée sur les évidences scientifiques :"}]},{"@type":"WebSite","@id":"https://readaptation.umontreal.ca/#website","url":"https://readaptation.umontreal.ca/","name":"École de réadaptation","description":"","potentialAction":[{"@type":"SearchAction","target":{"@type":"EntryPoint","urlTemplate":"https://readaptation.umontreal.ca/?s={search_term_string}"},"query-input":{"@type":"PropertyValueSpecification","valueRequired":true,"valueName":"search_term_string"}}],"inLanguage":"en-US"}]}</script>
<!-- / Yoast SEO plugin. -->

La pratique en santé mentale basée sur les évidences scientifiques : - École de réadaptation

École de réadaptation

<p class="attachment"><a href='https://readaptation.umontreal.ca/wp-content/uploads/sites/21/14_Evidences-scientifiques_fevrier_2017-2.pdf'>La pratique en santé mentale basée sur les évidences scientifiques :</a></p>

<p>La pratique en santé mentale basée sur les évidences scientifiques :</p>
